*g**2 + 2*g - 4. What are the prime factors of j(3)?
23
Let g(c) = 14*c**2 - 1. Let d be (0 - 2)*1/(-2). List the prime factors of g(d).
13
Suppose 3*s - 198 = -0*s. List the prime factors of s.
2, 3, 11
Suppose -3*n + 441 = -171. List the prime factors of n.
2, 3, 17
What are the prime factors of (-4)/(-10) + 3423/105?
3, 11
Let s(h) = h**2 - 7*h - 10. What are the prime factors of s(-5)?
2, 5
Let v(o) = -o + 18. Let w be v(9). Let l = 21 - w. List the prime factors of l.
2, 3
Let p(s) be the second derivative of -s**5/10 - s**4/6 - 2*s**2 + 7*s. List the prime factors of p(-3).
2
Suppose 32 - 12 = -5*z. What are the prime factors of (-88)/z + (0 - 1)?
3, 7
Let l(k) be the second derivative of k**4/6 + 5*k**3/6 - k**2/2 + 4*k. What are the prime factors of l(-4)?
11
Let y(j) = j**2 - 3*j - 14. Let v be y(6). Suppose v*p - 22 = 3*x, 8 = 3*p + 2*x - 0*x. What are the prime factors of p?
2
Suppose -2*z + 3*o + 533 = 0, -5*o = 3*z - 0*z - 809. What are the prime factors of z?
2, 67
Let t(f) = 4*f - 1. Let a = -6 - 0. Let d = a + 8. List the prime factors of t(d).
7
Let j = -82 + 55. List the prime factors of (j/6)/((-2)/4).
3
Suppose -b - 3*k = 2*k + 7, 5*b = -5*k + 25. What are the prime factors of b/6*9/2?
2, 3
Let n = -53 + 88. List the prime factors of n.
5, 7
Let j(p) = 3*p**2 + 1. Let t be j(-1). Let i(c) = 16*c**2 - 5*c + 1. Let z(f) = -3*f**2 + f. Let g(l) = -2*i(l) - 11*z(l). List the prime factors of g(t).
2, 5
Let d(u) = u**2 - 2*u - 4. Let r be d(6). Suppose 4*i = r, -2*s - i = 3*s - 25. Let c(p) = -p**2 + 7*p - 4. List the prime factors of c(s).
2
What are the prime factors of ((-36)/(-48))/((-1)/(-88))?
2, 3, 11
Let r = -14 + 18. Suppose 61 = k + 7*h - 3*h, -r*k - 2*h + 202 = 0. List the prime factors of k.
7
Let z = -44 + 31. Let b(a) = -a**2 - a + 2. Let f be b(-6). Let r = z - f. List the prime factors of r.
3, 5
Let q = -7 - -8. Let r = q + 31. Suppose -3*a = -95 + r. List the prime factors of a.
3, 7
Suppose 48 = -f + 159. List the prime factors of f.
3, 37
Let o = -627 + 1000. What are the prime factors of o?
373
Let a = -32 - -93. What are the prime factors of a?
61
Suppose -7*s = -3*s - 152. Let u = 55 - s. What are the prime factors of u?
17
Let i = 1 - 4. Let z(a) = a**2 + 1. List the prime factors of z(i).
2, 5
Let o = 0 + -7. What are the prime factors of (o/(-2))/((-5)/(-10))?
7
Let i(t) = -10*t**3 + t**2 + 3*t + 3. List the prime factors of i(-2).
3
Let t(u) = -u**3 + 6*u**2 + 5*u + 3. What are the prime factors of t(5)?
53
Let t(p) = 12*p**2 - 3*p. List the prime factors of t(3).
3, 11
Let w(z) = -2*z - 8. Let p be w(-6). Suppose p*f - 8*f = -36. List the prime factors of f.
3
Suppose 18 = 2*i + i. Let z = -7 + i. Let b = z - -3. What are the prime factors of b?
2
Suppose -25 = -8*y + 3*y. Suppose y = d, 0 = p + 4*p + 2*d - 10. Suppose -f + p*c = 3*c + 4, 16 = 2*f - 2*c. What are the prime factors of f?
5
Let m(j) = 19*j**3 - j. Let x be m(-1). Let q(h) = -h**3 - 3*h**2 + 5*h + 2. Let p be q(-5). What are the prime factors of (-86)/x + 6/p?
5
Let n(b) = b**3 + 7*b**2 - 2*b + 6. List the prime factors of n(-6).
2, 3
Let j(w) be the third derivative of w**6/120 + w**5/4 - w**4/12 + 11*w**3/6 + 3*w**2. List the prime factors of j(-15).
41
Let x = -10 + 19. List the prime factors of x.
3
Let d = 11 + -7. Let y be (-2)/(-3) + d/(-6). Suppose -x - 3*h = -2*x + 15, -x + 5*h + 19 = y. What are the prime factors of x?
3
Suppose -2*d + 122 = 3*z + z, -38 = -z + d. List the prime factors of z.
3, 11
Let g = -4 + 13. Let x = g - -26. Suppose o - 14 = d, -3*o + x - 13 = d. What are the prime factors of o?
3
Suppose 4*f - 353 = -3*o, 7*f = 5*f - 5*o + 173. What are the prime factors of f?
89
Let c(n) = n + 12*n - 9 + 17*n**2 - 18*n**2. List the prime factors of c(11).
13
Suppose -x + 4 = 6. List the prime factors of 27/15 + x/(-10).
2
Suppose -11*u + 2650 = -u. List the prime factors of u.
5, 53
Let i = -1 - -4. Suppose x - 3*p = 7, x - 2*p - 6 = -0*p. Suppose i*v - 36 = -3*r, 54 = x*v - 0*v - 2*r. What are the prime factors of v?
13
Let g = 98 + -55. List the prime factors of g.
43
Suppose -5*t = -2*t. Suppose 0 = -t*m - 4*m. Let o(r) = -r + 2. What are the prime factors of o(m)?
2
Suppose q = -2*v + 44, 4*q + 5*v - 201 = 2*v. What are the prime factors of q?
2, 3
Let m = 4 - -1. Suppose r + i - m = -0*r, -i = -2*r + 10. What are the prime factors of r?
5
Let z be 1/(-4) + 10/8. Suppose 5 - z = a. List the prime factors of a.
2
Let q(l) = -3*l - 3. Let n be q(-2). Suppose -72 = -c - n*c. List the prime factors of c.
2, 3
Suppose -5*n = 5, 3 - 4 = -2*m - 3*n. Suppose m*f + 5*y - 9 = 3, 2*f + 3*y = 12. What are the prime factors of f?
2, 3
Suppose 4*y - y = -6. Let g be 240/56 - (-6)/(-21). Let v = g + y. List the prime factors of v.
2
Let i(j) = 4*j**2 - 7*j + 4. Let f be i(4). Suppose d = -3*d + f. What are the prime factors of d?
2, 5
Let v = -45 + 56. What are the prime factors of v?
11
Let v(j) = -17*j - 6. Let p be v(-8). Suppose 5*f = q - 0*q - 32, 5*q - p = -5*f. List the prime factors of q.
3
Let l be 1/((-3)/(-3 - -12)). Let b(v) = v**3 + 5*v**2 - 5*v - 9. Let a be b(-6). Let g = l - a. List the prime factors of g.
2, 3
Let t = 117 + -77. What are the prime factors of t?
2, 5
Let l = -49 - -50. Suppose 4*p = -15 - 13. Let i = l - p. What are the prime factors of i?
2
Suppose -i + 2*i = 3*t + 2, -t - 4*i = -8. Let w be t - -7 - (0 + 2). Suppose -w*b = -24 - 51. What are the prime factors of b?
3, 5
Let b(n) = 1 - 1 + n**2 + 3*n + 3. Let i be b(-2). What are the prime factors of 3/i*21/9?
7
Suppose -28 - 6 = -2*i. Let s be 6*(0 + 3/6). Suppose 16 + i = s*w. List the prime factors of w.
11
Let v be 0*(-2)/4 - -6. What are the prime factors of 46/v - 2/(-6)?
2
Suppose -m = 2*m + 5*a, 4*m - a - 23 = 0. Suppose -k + 2*d = -2*d - 13, m*d = 5*k - 65. List the prime factors of k.
13
Let d(f) = -172*f**3 + 3*f - 2. Let j be d(1). What are the prime factors of (7/3)/((-19)/j)?
3, 7
Let v be (42/(-9))/(4/(-6)). What are the prime factors of 3*(0 + v)/1?
3, 7
Let h(w) = -w**2 + 7*w + 11. Suppose 3*o - 4*a = -2*a + 20, 5*o - 34 = 3*a. Let t be h(o). What are the prime factors of t/6*(1 + 9)?
5
Let p(w) = -w**2 - 4*w + 1. Let l be p(-4). Let y(s) = 1 + l + 3*s + 5*s**2 + s**2 + s**3. List the prime factors of y(-5).
2, 3
Let y = -8 - -41. Suppose -3*n = -2*z + y, 5*z + n - 72 = -2*n. List the prime factors of z.
3, 5
Suppose -11*q + 6*q = -420. What are the prime factors of q?
2, 3, 7
Suppose 3*w + 21 = 6*w. Suppose w = -0*y + y. What are the prime factors of y?
7
Let d(r) be the second derivative of -r**3/3 + r**2/2 + r. Suppose -3 = 3*b - 5*h, 3*b + h + 3 = -h. List the prime factors of d(b).
3
Let q(s) = -3*s - 7. Let a(u) = -2*u - 6. Let r(d) = 4*a(d) - 3*q(d). Suppose -4*m - y + 29 = 0, 3*m + 1 = -2*y + 29. List the prime factors of r(m).
3
Let q = 3 - 3. Suppose q = 4*k - 0*k + 12. What are the prime factors of 18/(k/(-1)) - 2?
2
Suppose 5*w + 26 = -f, -f - f + w = 30. Suppose -2*j - 69 + 7 = 0. Let a = f - j. List the prime factors of a.
3, 5
Let u be -5*(2 + 1528/(-20)). List the prime factors of u/10 - (-6)/(-30).
37
Let m = -76 - -117. What are the prime factors of m?
41
Suppose -53 = -5*m + 62. What are the prime factors of m?
23
List the prime factors of (-171)/(-3) - (-4)/(-4).
2, 7
List the prime factors of (-2)/(-11) + (-6972)/(-132).
53
List the prime factors of 4/3 - 8878/(-69).
2, 5, 13
Suppose 0 = -0*l + l - 17. Suppose 0 = 2*q + d - 19, -29 - l = -5*q - 4*d. What are the prime factors of q?
2, 5
Suppose -2*r + p - 5 = -4*r, -3*r - 2*p + 7 = 0. What are the prime factors of -2 + r + -3 - -12?
2, 5
Let b = 1 + 15. What are the prime factors of b?
2
Let o(u) = 2*u**2 - u - 2. Let z be o(2). Suppose 2*w - z = 16. What are the prime factors of 5/w + 38/4?
2, 5
Let g = 7 + -5. Let w(i) = i**2 + 5*i + 4. Let l be w(-4). Suppose p + g*p - 18 = l. What are the prime factors of p?
2, 3
Let d(f) be the third derivative of -f**6/120 + f**5/12 - f**4/8 - 2*f**3/3 + 2*f**2. Let y be d(4). Suppose y*s - 18 = -3*s. List the prime factors of s.
2, 3
Let l be 0 + 14/(-2) - -1. What are the prime factors of l*(2 + 0)/(-4)?
3
Let q = -28 - -42. Suppose q = s - 4*b, -3*b - 3 = 3*s - 0*b. What are the prime factors of (-1)/(-1) - s*-7